uppose 3*f - 15 = -0*f. Let p(k) = -2*k + f*k**2 - k**2 - 1 + k**2. What is the units digit of p(-1)?
6
Suppose -4*r + 2*i = -31 - 193, -3*r - 3*i = -150. What is the units digit of r?
4
Suppose u = -2*p + 7 + 1, -p = -4*u + 41. Suppose u*r - 8 = 8*r. What is the units digit of r?
4
Let f be 1/(18/15 - 1). Let s(z) = -z**2 + f - 2*z**2 + 4*z + 4*z**2. What is the tens digit of s(-5)?
1
Let a(n) = -n**3 - 2*n**2 - 7*n - 3. What is the hundreds digit of a(-5)?
1
Suppose q - 2*q + 89 = 0. Suppose -4*n + 3*t + q = n, -3*t + 71 = 5*n. What is the tens digit of n?
1
Let t = -68 - -186. What is the tens digit of t?
1
Let f(p) = p**2 + 6*p - 2. Let h be f(-6). Let a = 6 + -4. What is the units digit of 6/2 + a + h?
3
Suppose 0 = u - 27 - 127. What is the hundreds digit of u?
1
Suppose 5*t = -m + 447, -3*t = 2*t + 3*m - 441. What is the tens digit of t?
9
Let d = 99 + 52. What is the units digit of d?
1
Let d(y) = y. Let a(q) = -3*q + 1. Let o(w) = 2*a(w) + 5*d(w). Let v be o(1). What is the units digit of (0 + -1)/(v/(-5))?
5
Suppose 4*d - 15 = -2*b + 3*d, 5*b + d = 45. Let a = b + -9. What is the units digit of a?
1
Suppose 3*s - 3*h = -9, -5*h - 10 + 31 = -2*s. Suppose 6 = 2*a - 2*y - 28, s*a - 14 = -3*y. What is the tens digit of a?
1
Suppose 0 = 19*d - 22*d + 453. What is the tens digit of d?
5
Let c(h) = h - 8. Let q be c(8). Suppose q = 3*i - 39. What is the units digit of i?
3
Suppose 3 - 5 = a. What is the units digit of (-3)/a*6 + 2?
1
Suppose 3*j - 2*a + 4 = 0, 0*j = j + 2*a + 4. Let r = j - -3. What is the units digit of r?
1
Suppose 45 = 5*y - 5*g, 3 + 39 = 4*y + 2*g. Let a = -6 + y. What is the units digit of a?
4
Let z be (1 - 1)/(4 - 2). Let s(d) = d + 6. What is the units digit of s(z)?
6
Let d = -26 + 35. What is the tens digit of ((-48)/d + -2)*-6?
4
Suppose -2*f + 11 + 51 = 5*a, 2*f = 5*a + 62. What is the tens digit of f?
3
Let w = 2 + 0. Let m(g) = 7*g. What is the tens digit of m(w)?
1
Let c = 74 + -34. What is the units digit of c?
0
Suppose -3*h + 14 = 5. What is the units digit of h?
3
Let i(o) be the second derivative of -o**4/6 - 5*o**3/6 - 3*o**2/2 - 2*o. Let n be i(-3). Let d = -4 - n. What is the units digit of d?
2
Let m(n) be the second derivative of -2*n**3/3 - n**2/2 + n. What is the units digit of m(-2)?
7
Let l be 0 + 4/((-4)/(-2)). Suppose l*k = k. What is the units digit of (k/(-2) - -3) + 1?
4
Let a(n) = -n**3 + 5*n**2 + 5*n + 5. Let s be a(6). Let u be (s + 3)/(-2)*-2. Suppose 5 = -3*k + 2*k - u*q, -q = 4. What is the units digit of k?
3
Let n(d) = d**2 - d + 1. Let j be n(2). Suppose 5*y = t + 153, -j*y + 8*y - 5*t - 145 = 0. What is the tens digit of y?
3
Let k = -142 - -156. What is the units digit of k?
4
Suppose 2*l = -s + 31, -2*s - 2 = -l + 16. Suppose -d + 31 = k + 2*k, 4*k = l. What is the units digit of d?
9
Let t = -103 - -257. What is the tens digit of t?
5
Let g(n) be the third derivative of -1/3*n**3 + 0 + 1/60*n**5 + 0*n - 1/6*n**4 + n**2. What is the units digit of g(5)?
3
Suppose -3*g + 6*g = 0. Let d(j) = j**3 - 4*j**2 - 6*j + 6. Let f be d(5). Let a = f + g. What is the units digit of a?
1
Suppose 3*j = 23 - 2. Let s(r) = -r**3 + 8*r**2 - 4*r + 5. What is the units digit of s(j)?
6
Let l = -1 - -3. Let c(f) = f**3 - 10*f**2 - 24*f + 5. Let m be c(12). Let v = l + m. What is the units digit of v?
7
Let y = 17 + -25. What is the tens digit of ((-12)/y)/((-1)/(-10))?
1
Suppose -124*f + 725 = -119*f. What is the tens digit of f?
4
Let f = -3 + 8. Let u = f + -1. What is the units digit of u?
4
Let r be 4*(9/6 - 1). Let p be ((-46)/2*-2)/r. Suppose -c = -3*c + 3*g + p, -3 = g. What is the units digit of c?
7
Let j = -309 - -432. What is the hundreds digit of j?
1
Let z(o) = 2*o - 2. Let i be z(-3). Let r = i + 5. What is the units digit of r*(-3)/3*1?
3
Suppose -39 = w - 2*w. What is the tens digit of w?
3
Let p = -1 - -3. Let y = 1 + 0. Let q = p + y. What is the units digit of q?
3
What is the tens digit of (-33)/(6*(-4)/16)?
2
Suppose -3*l - 535 = -43. What is the units digit of (-1)/5 + l/(-20)?
8
Let z be (1 + 2)/((-21)/(-56)). Suppose -j - j = -z. What is the units digit of j?
4
Let v be (-2)/(-2)*(-10)/(-5). Suppose 0 = 2*c + 7*r - v*r - 28, 5*c - r - 70 = 0. What is the tens digit of c?
1
Let h(j) = j**3 + 8*j**2 - 3. Let l be h(-8). Let z = 4 + l. Let f = 7 - z. What is the units digit of f?
6
Let a(z) = -2*z - 16. Let l(h) = 3*h + 33. Let r(q) = 5*a(q) + 2*l(q). What is the tens digit of r(-6)?
1
Let l(j) = j**2 - 19*j + 16. What is the units digit of l(21)?
8
Let b = 66 + -40. Suppose -2*x - 8 + b = 0. What is the units digit of x?
9
Suppose -5*j - 29 - 206 = 0. Let z = j + 69. What is the tens digit of z?
2
Let a(y) = -y + 4. Let u(z) = -2*z + 3. Let s(d) = -5*a(d) + 4*u(d). What is the tens digit of s(-6)?
1
Suppose -q + s = 4*s - 8, 4*s = q + 6. Suppose q*f + 2*f - 40 = 0. What is the tens digit of f?
1
Let l(v) = v**2 - 10*v + 12. Let j be l(9). Suppose r - 5*y + 29 = j*r, 5*r + 2*y = 83. What is the tens digit of r?
1
Suppose -2*j = -3*x - 9, 4 + 8 = -4*j - 4*x. Let k(d) = 3*d + 3*d - 7*d + 1. What is the units digit of k(j)?
1
Suppose 0 = -12*m + 6*m + 480. What is the units digit of m?
0
Let x = -8 + 6. Let l = 1 + x. Let f(n) = -15*n + 1. What is the tens digit of f(l)?
1
Let x(a) be the first derivative of a**2/2 + 11*a - 1. Let t be x(-6). Suppose -4*f - l + 24 = l, -f + t*l = -6. What is the units digit of f?
6
Let m(u) = u**2 - 4*u - 1. Let o be (-1)/1*(-40)/(-8). What is the units digit of m(o)?
4
Suppose -3*i - 4 = 2. Let u be (i/3)/((-1)/18). Suppose 2*v = -v + u. What is the units digit of v?
4
Let n(y) = y**2 + 6*y + 2. Let o be n(-7). Let q = o - -7. What is the tens digit of q?
1
Let n be 1/1 + 22 - 3. Suppose 32 = t - n. Suppose 39 = 2*f + f - 5*u, -4*f + 4*u = -t. What is the units digit of f?
3
Suppose -4*u = -264 + 64. Suppose -4*a + 2*a + u = 0. Suppose 5*f = -5*o + 2*o + a, 37 = 4*f - o. What is the units digit of f?
8
Let a(l) = -l**3 + 7*l**2 + 8*l - 7. Let m be a(8). Let o(u) = u**3 - 7*u**2 + u + 7. Let k be o(7). Let d = k + m. What is the units digit of d?
7
Let m(x) = 2*x**3 - 4*x**2 + 4*x - 3. Let n be m(3). What is the units digit of 6/n - (-50)/18?
3
Let l(z) = -z**2 - 5*z + 6. Let s be l(-6). Suppose f - 3*f = -6. Suppose 5*n - 64 = -4*j - 16, -f*n = s. What is the tens digit of j?
1
Suppose -u - 3 = 2*u, 0 = -3*n + 5*u + 995. What is the tens digit of n?
3
Let o(r) = r - 3. Let u be o(8). Suppose 5*q = 4*q - 3*z + 9, u*q + 2*z = 71. What is the units digit of q?
5
Suppose 0 = 3*f + 1 + 20. Let w(h) = -h**2 - 9*h + 7. Let y be w(f). Suppose 5*b = y + 9. What is the units digit of b?
6
Suppose -5*y = 3*f - 2*f, 18 = f - 4*y. Suppose 4*l - l + 8 = -4*s, -5*s - f = -3*l. Suppose j - 10 = -l*r + 2*r, 15 = 2*j - 5*r. What is the tens digit of j?
2
Suppose 6*a + 6 = 3*a, -4*r - 5*a + 6 = 0. Suppose 5*q - 6 = -r*u + 3*q, -5*u + 2*q + 21 = 0. What is the units digit of u?
3
Suppose -3*c + 2 = -5*c + 3*b, 2*c = -3*b - 2. Let o = 4 - c. Suppose -4*n + 12 = -4, -40 = -4*p - o*n. What is the units digit of p?
5
Let r = -39 - -65. What is the tens digit of r?
2
Let n be 5*2 - (3 - 1). Suppose 0 = 2*u - n - 0. Suppose -11 - 19 = -2*t + 2*w, u*w - 111 = -5*t. What is the tens digit of t?
1
Let i = -5 - -2. What is the units digit of (1 - (-1)/i)*12?
8
Let q = 7 + -5. Suppose -q*j + 19 = 5*m, 2*j = 3*m + 2 - 7. Suppose -2*i = 4*n - j, 3*i + 2*i + 6 = n. What is the units digit of n?
1
Let w = 84 - 60. What is the tens digit of w?
2
Let r(a) = -2*a - 13. Let f be r(-5). What is the tens digit of 26 - (-9 + 2 - f)?
3
Let a be -74 - (-1 - -3 - 0). Let k = a + 160. What is the tens digit of 10/(-4)*k/(-15)?
1
Let m(q) be the first derivative of q**3/3 - 2*q**2 - 7*q + 2. Let x be m(5). What is the units digit of 2/(-3)*(-5 - x)?
2
Let x = 66 - 40. What is the tens digit of x?
2
Let w be 2 - 5 - (2 + -5). Suppose 137 = -0*c + 5*c + 3*b, w = c - 2*b - 30. Suppose 0*t = -2*t + c. What is the tens digit of t?
1
Let b = -3 - -14. Let q = b - 1. Suppose -5*o = 5*a - 15, 2*o - 4 = -q. What is the units digit of a?
6
Let h(s) = -s + 16 - 6 + 12 + 18. What is the units digit of h(18)?
2
Suppose 16*d = 21*d - 920. What is the hundreds digit of d?
1
Let t be (-2)/(-1*(-3)/9). L